 j(2).
7
Let u(k) = k**2 - 3*k + 3. Determine u(5).
13
Let c(b) = -11*b - 2. What is c(-1)?
9
Let n(m) = -4*m + 11. Give n(-4).
27
Let c(g) = -g - 7. Give c(3).
-10
Let m(n) = n**2 + 13*n + 11. What is m(-11)?
-11
Let v(p) = -p**2 + 2*p + 11. Calculate v(3).
8
Let w(t) = 4*t**2 + 18*t - 12. What is w(-6)?
24
Let i(f) = -4*f + 12. Calculate i(11).
-32
Let c(w) = -34*w**2 - 2*w - 3. Calculate c(-1).
-35
Let q(y) = -3*y**2 + 20*y + 22. Calculate q(8).
-10
Let a(b) = 16*b + 4. What is a(-2)?
-28
Let h(t) = 8*t - 2. Determine h(1).
6
Let f(z) = -2*z**2 - 22*z + 5. What is f(-11)?
5
Let r(g) = 2*g**2 - 17*g + 5. What is r(9)?
14
Let d(s) = 43*s - 2. Give d(-1).
-45
Let x(q) = q - 82. What is x(17)?
-65
Let a(p) = -23*p**3 + p**2 - p + 1. Determine a(1).
-22
Let q(d) = 24*d - 37. What is q(4)?
59
Let r(p) = 2*p**2 - 33*p + 10. Calculate r(16).
-6
Let w(p) = 2*p**2 + 24*p - 23. Calculate w(-12).
-23
Let l(h) = -h**2 - 9*h + 12. Calculate l(-9).
12
Let m(g) = -g**3 + 8*g**2 - 8*g + 14. Calculate m(7).
7
Let h(q) = -23*q + 1. Determine h(2).
-45
Let s(c) = -c**3 + c**2 + 13*c + 42. Give s(5).
7
Let l(w) = w**2 + 12*w + 3. Calculate l(-9).
-24
Let d(r) = -2*r**2 - 7. Give d(0).
-7
Let g(h) = 31*h**2 + 3*h - 1. What is g(1)?
33
Let j(n) = -2*n**2 - 6*n + 4. Determine j(4).
-52
Let c(h) = -h**3 - 7*h**2 + h - 1. Give c(-7).
-8
Let i(f) = -f**3 + 39*f**2 + 33*f + 275. Give i(40).
-5
Let s(x) = -x**3 - 17*x**2 + x + 22. Calculate s(-17).
5
Let t(m) = -m**2 - 9*m. Calculate t(-8).
8
Let c(n) = -2*n**3 - 30*n**2 - n - 8. Calculate c(-15).
7
Let n(x) = -x + 14. What is n(-11)?
25
Let o(g) = -3*g**3 + 19*g**2 - 7*g + 15. What is o(6)?
9
Let q(l) = -l**2 - 11*l + 6. Determine q(-12).
-6
Let g(c) = c**3 + 31*c**2 + 28*c - 68. Determine g(-30).
-8
Let m(v) = -2*v**2 - 59*v - 32. Determine m(-29).
-3
Let p(y) = y**3 - 11*y**2 + 3*y + 69. Calculate p(10).
-1
Let k(x) = x - 8. Determine k(13).
5
Let u(b) = 17*b - 77. Determine u(4).
-9
Let q(f) = 3*f**3 + 2*f**2 + 4. Calculate q(-2).
-12
Let v(r) = 4*r - 75. Calculate v(22).
13
Let v(y) = -16*y - 21. What is v(-3)?
27
Let z(w) = 2*w - 5. Calculate z(3).
1
Let l(m) = m**3 - 24*m**2 - 185*m + 153. Determine l(30).
3
Let f(z) = -z**2 - 25*z - 4. Calculate f(-21).
80
Let x(w) = -21*w - 88. What is x(-4)?
-4
Let g(l) = -l**3 - 5*l**2 + 8*l + 3. Give g(-7).
45
Let i(v) = -v**3 + 17*v**2 - 13*v - 44. Determine i(16).
4
Let p(t) = -t**3 - 26*t**2 + 57*t + 6. Give p(-28).
-22
Let p(x) = -x**2 + 12*x + 14. Determine p(15).
-31
Let v(s) = -2*s**2 - 4*s + 38. Give v(0).
38
Let x(p) = -5*p + 6. Calculate x(-6).
36
Let x(b) = b**2 + 6*b + 10. Calculate x(-5).
5
Let b(z) = -5*z**2 - 77*z + 51. Give b(-16).
3
Let p(g) = -g**3 + 6*g**2 + 7*g + 12. Determine p(7).
12
Let f(b) = -5*b + 5. Give f(4).
-15
Let q(z) = -z - 8. What is q(-10)?
2
Let v(n) = -n**2 + 4*n - 27. What is v(0)?
-27
Let m(u) = 3*u**2 + 6*u + 10. What is m(-2)?
10
Let o(b) = b**3 - 12*b**2 - b + 24. Calculate o(12).
12
Let f(c) = c**3 - 41*c**2 - 87*c + 42. Determine f(43).
-1
Let i(y) = 2*y**2 + 3*y + 2. What is i(-2)?
4
Let c(b) = b**3 - 9*b**2 + 8*b - 11. What is c(8)?
-11
Let l(z) = -9*z - 5. Give l(-5).
40
Let r(g) = g**2 - 10*g + 10. Determine r(10).
10
Let z(u) = -u**2 + 19*u - 62. Calculate z(14).
8
Let z(y) = y - 6. What is z(8)?
2
Let i(j) = -6*j - 3. Determine i(-2).
9
Let f(u) = -u + 13. Give f(3).
10
Let k(l) = 67*l - 2340. Give k(35).
5
Let n(z) = -z**3 - 6*z**2 - 10*z - 26. Give n(-5).
-1
Let t(c) = -3*c - 15. Give t(10).
-45
Let i(p) = -14*p**3 + 4*p**2 - 3. Give i(-1).
15
Let v(u) = -2*u + 8. Give v(8).
-8
Let a(r) = 7*r**2 + r + 1. Give a(2).
31
Let x(v) = -2*v**2 + 4*v. Give x(-4).
-48
Let y(g) = -g**2 - 14*g - 31. Calculate y(-13).
-18
Let g(x) = -x**2 + 7*x + 43. Give g(11).
-1
Let l(y) = -2*y**3 + 8*y**2 + 5*y - 12. What is l(4)?
8
Let m(f) = f**3 + 20*f**2 - 3*f - 17. Calculate m(-20).
43
Let x(f) = -f**2 + 7*f - 6. Calculate x(7).
-6
Let j(y) = y**3 - 14*y**2 - 13*y - 32. Give j(15).
-2
Let k(n) = 44*n + 309. Determine k(-7).
1
Let q(m) = -16*m - 307. Calculate q(-19).
-3
Let y(v) = -2*v**3 + 6*v**2 + 6*v - 20. Calculate y(3).
-2
Let h(g) = g**3 - 3*g**2 - 5. Determine h(3).
-5
Let p(x) = x**2 + 14*x + 53. Determine p(-7).
4
Let l(g) = -g**2 + 25*g - 111. Calculate l(19).
3
Let z(i) = -41*i**3 - i**2. Determine z(1).
-42
Let p(g) = -3*g - 154. Calculate p(-25).
-79
Let k(x) = -2*x**2 - 9*x - 4. Calculate k(-5).
-9
Let n(f) = -6*f - 11. What is n(-5)?
19
Let i(d) = -8*d**2 - 5*d + 5. Determine i(2).
-37
Let a(v) = v - 8. Calculate a(9).
1
Let a(l) = -54*l**2 + 1. What is a(1)?
-53
Let k(b) = 2*b**3 + 13*b**2 - 9*b + 13. Determine k(-6).
103
Let z(p) = -9*p + 3. Determine z(4).
-33
Let t(y) = 3*y**2 + 4*y - 6. Determine t(-5).
49
Let m(s) = 4*s + 28. Calculate m(-16).
-36
Let z(w) = w**3 + 4*w**2 + w - 9. Give z(-3).
-3
Let o(n) = n**3 + n**2 - 7*n - 4. Give o(5).
111
Let j(a) = -a**3 + 18*a**2 + 22*a - 62. Give j(19).
-5
Let p(l) = 4*l - 10. Determine p(4).
6
Let y(p) = p**2 - 22*p + 70. What is y(20)?
30
Let j(h) = h**3 - 10*h**2 + 8*h + 2. What is j(9)?
-7
Let l(d) = -10*d - 149. Determine l(-16).
11
Let b(h) = 6*h - 39. What is b(7)?
3
Let f(j) = -j**2 - 12*j + 19. Determine f(-14).
-9
Let o(m) = -9*m - 18. What is o(8)?
-90
Let x(p) = -p - 14. Calculate x(-10).
-4
Let j(b) = 42*b**2 + 2*b + 1. Calculate j(-1).
41
Let r(q) = -q**2 - q - 2. Calculate r(0).
-2
Let n(k) = k**3 - 11*k**2 - 2*k + 14. Give n(11).
-8
Let w(b) = 5*b**3 + 23*b**2 - 11*b + 5. Determine w(-5).
10
Let s(w) = 8*w - 6. Determine s(0).
-6
Let g(y) = -y**2 - 12. Give g(0).
-12
Let p(h) = 2*h**3 + 8*h**2 - h + 2. Give p(-4).
6
Let g(b) = b + 8. Give g(-10).
-2
Let x(d) = -d**2 + 46*d + 97. Determine x(-2).
1
Let p(t) = 9*t + 10. Give p(2).
28
Let h(i) = 5*i + 13. Calculate h(-5).
-12
Let f(l) = -l**3 + 8*l**2 - 5*l - 3. What is f(7)?
11
Let x(m) = 5*m + 102. What is x(-34)?
-68
Let m(p) = p**3 - 4*p**2 - 20*p + 14. Give m(5).
-61
Let g(c) = -6*c**2 + 12*c - 25. Determine g(4).
-73
Let h(a) = -a**3 - 5*a**2 + 37*a + 8. Determine h(-9).
-1
Let s(m) = -m**2 - 65*m - 512. Calculate s(-9).
-8
Let f(a) = -4*a + 31. Give f(12).
-17
Let x(y) = 29*y - 18. Give x(-4).
-134
Let x(y) = -y**2 + 3*y - 7. Calculate x(4).
-11
Let x(s) = 2*s + 6. Calculate x(6).
18
Let c(g) = -g**2 - 4*g + 19. Determine c(-8).
-13
Let n(z) = 5*z - 44. Give n(8).
-4
Let v(a) = -78*a - 84. Determine v(-1).
-6
Let f(g) = -g**2 - g + 11. Calculate f(-9).
-61
Let s(u) = -3*u - 19. Determine s(-4).
-7
Let q(u) = u**2 + 3*u - 96. Give q(0).
-96
Let u(q) = 2*q + 13. What is u(-9)?
-5
Let q(d) = -2*d + 44. Determine q(-9).
62
Let u(o) = o**3 - o**2 + o - 5. Determine u(3).
16
Let t(x) = -2*x**2 - 10*x + 3. Give t(-5).
3
Let n(z) = 9*z + 3. Calculate n(1).
12
Let f(l) = 6*l + 38. What is f(-7)?
-4
Let x(o) = -o**2 - 9*o + 31. Calculate x(6).
-59
Let u(j) = -2*j**3 - 2*j**2 + j - 2. Calculate u(2).
-24
Let z(d) = d**2 + 2*d + 1. Determine z(2).
9
Let w(a) = 13*a**2 + a + 1. Give w(-1).
13
Let d(v) = 2*v**2 - 92*v + 193. What is d(44)?
17
Let c(s) = -s**3 - 17*s**2 - 18*s - 38. What is c(-16)?
-6
Let x(w) = -w**2 - 16*w + 5. Determine x(-16).
5
Let b(o) = -o**3 + 3*o - 2. Calculate b(2).
-4
Let t(x) = -15*x - 146. Calculate t(-10).
4
Let u(q) = -q**3 - 3*q**2 + 4*q + 6. Determine u(-4).
6
Let x(a) = -a**3 + 21*a**2 + 20*a + 51. Calculate x(22).
7
Let g(d) = -d**2 - 14*d - 23. What is g(-12)?
1
Let j(s) = -9*s - 29. What is j(7)?
-92
Let u(q) = 14*q + 1091. Determine u(-78).
-1
Let x(p) = p**2 + 20*p + 82. Determine x(-6).
-2
Let n(m) = 2*m**2 - 6*m - 7. What is n(6)?
29
Let x(j) = 5*j + 6. Calculate x(-6).
-24
Let v(i) = 85*i - 20. Give v(-2).
-190
Let p(n) = -32*n + 309. Determine p(10).
-11
Let h(a) = 5*a + 18. What is h(-3)?
3
Let w(p) = 4*p - 53. Determine w(20).
27
Let v(u) = u**3 - 6*u**2 - 130*u + 676. Determine v(5).
1
Let d(k) = 16*k. Calculate d(-3).
-48
Let h(t) = -5*t - 6. Calculate h(-9).
39
Let h(z) = 2*z + 30. Determine h(-7).
16
Let k(g) = -4*g - 39. Determine k(-10).
1
Let w(j) = 7*j**2 - 43*j - 3. Determine w(6).
-9
Let z(g) = -g**2 + 22*g + 43. Calculate z(24).
-5
Let x(s) = -s**3 + 4*s**2 + 97*s + 8. What is x(-8)?
0
Let a(u) = 3*u + 5. Give a(9).
32
Let t(k) = k**2 - 6*k - 9. Give t(0).
-9
Let p